{"id":1680,"date":"2019-05-28T11:34:54","date_gmt":"2019-05-28T09:34:54","guid":{"rendered":"https:\/\/ubroker.it\/planetfirst\/pun\/"},"modified":"2026-02-12T18:55:24","modified_gmt":"2026-02-12T16:55:24","slug":"pun","status":"publish","type":"page","link":"https:\/\/ubroker.it\/planetfirst\/pun","title":{"rendered":"PUN"},"content":{"rendered":"\t\t<div data-elementor-type=\"wp-page\" data-elementor-id=\"1680\" class=\"elementor elementor-1680\" data-elementor-post-type=\"page\">\n\t\t\t\t<div class=\"elementor-element elementor-element-bb01d4b e-con-full box-null e-flex e-con e-parent\" data-id=\"bb01d4b\" data-element_type=\"container\" data-e-type=\"container\" data-settings=\"{&quot;jet_parallax_layout_list&quot;:[],&quot;background_background&quot;:&quot;classic&quot;}\">\n\t\t<div class=\"elementor-element elementor-element-8ecf0d0 e-con-full e-flex e-con e-child\" data-id=\"8ecf0d0\" data-element_type=\"container\" data-e-type=\"container\" data-settings=\"{&quot;jet_parallax_layout_list&quot;:[]}\">\n\t\t\t\t<\/div>\n\t\t\t\t<\/div>\n\t\t<div class=\"elementor-element elementor-element-f7d49df section e-flex e-con-boxed e-con e-parent\" data-id=\"f7d49df\" data-element_type=\"container\" data-e-type=\"container\" data-settings=\"{&quot;jet_parallax_layout_list&quot;:[]}\">\n\t\t\t\t\t<div class=\"e-con-inner\">\n\t\t<div class=\"elementor-element elementor-element-e6e3a4a e-con-full box-null e-flex e-con e-child\" data-id=\"e6e3a4a\" data-element_type=\"container\" data-e-type=\"container\" data-settings=\"{&quot;jet_parallax_layout_list&quot;:[]}\">\n\t\t\t\t<div class=\"elementor-element elementor-element-d2f0d78 e-n-tabs-mobile elementor-widget elementor-widget-n-tabs\" data-id=\"d2f0d78\" data-element_type=\"widget\" data-e-type=\"widget\" data-settings=\"{&quot;tabs_justify_horizontal&quot;:&quot;start&quot;,&quot;horizontal_scroll&quot;:&quot;disable&quot;}\" data-widget_type=\"nested-tabs.default\">\n\t\t\t\t\t\t\t<div class=\"e-n-tabs\" data-widget-number=\"221187448\" aria-label=\"Schede. Apri gli elementi con Invio o Spazio, chiudili con Esc e naviga con i tasti freccia.\">\n\t\t\t<div class=\"e-n-tabs-heading\" role=\"tablist\">\n\t\t\t\t\t<button id=\"e-n-tab-title-2211874481\" data-tab-title-id=\"e-n-tab-title-2211874481\" class=\"e-n-tab-title\" aria-selected=\"true\" data-tab-index=\"1\" role=\"tab\" tabindex=\"0\" aria-controls=\"e-n-tab-content-2211874481\" style=\"--n-tabs-title-order: 1;\">\n\t\t\t\t\t\t<span class=\"e-n-tab-title-text\">\n\t\t\t\tIT\t\t\t<\/span>\n\t\t<\/button>\n\t\t\t\t<button id=\"e-n-tab-title-2211874482\" data-tab-title-id=\"e-n-tab-title-2211874482\" class=\"e-n-tab-title\" aria-selected=\"false\" data-tab-index=\"2\" role=\"tab\" tabindex=\"-1\" aria-controls=\"e-n-tab-content-2211874482\" style=\"--n-tabs-title-order: 2;\">\n\t\t\t\t\t\t<span class=\"e-n-tab-title-text\">\n\t\t\t\tDE\t\t\t<\/span>\n\t\t<\/button>\n\t\t\t\t\t<\/div>\n\t\t\t<div class=\"e-n-tabs-content\">\n\t\t\t\t<div id=\"e-n-tab-content-2211874481\" role=\"tabpanel\" aria-labelledby=\"e-n-tab-title-2211874481\" data-tab-index=\"1\" style=\"--n-tabs-title-order: 1;\" class=\"e-active elementor-element elementor-element-2e93ae3 e-con-full box-null e-flex e-con e-child\" data-id=\"2e93ae3\" data-element_type=\"container\" data-e-type=\"container\" data-settings=\"{&quot;jet_parallax_layout_list&quot;:[]}\">\n\t\t\t\t<div class=\"elementor-element elementor-element-b12db1e elementor-widget elementor-widget-text-editor\" data-id=\"b12db1e\" data-element_type=\"widget\" data-e-type=\"widget\" data-widget_type=\"text-editor.default\">\n\t\t\t\t\t\t\t\t\t<h2>Cos&#8217;\u00e8 il PUN?<\/h2><p>Il <strong><u>PUN Index GME<\/u><\/strong> \u00e8 un nuovo indice che sostituisce il Prezzo Unico Nazionale (PUN) a partire dal 1 gennaio 2025. Questo cambiamento \u00e8 stato introdotto per riflettere meglio le dinamiche locali di produzione e consumo dell\u2019energia elettrica in Italia.<\/p><p>Il <strong>PUN Index GME<\/strong> \u00e8 una media ponderata dei prezzi zonali orari dell\u2019energia elettrica. A differenza del PUN, che rappresentava un prezzo unico nazionale, il PUN Index GME tiene conto delle specifiche condizioni locali di produzione e consumo, nonch\u00e9 dei costi di trasporto dell\u2019energia nelle diverse aree geografiche (sei diverse zone: Nord, Centro Nord, Centro Sud, Sud, Calabria, Sardegna e Sicilia).<\/p><p><strong>\u00a0<\/strong><\/p><p><strong><u>Motivazioni del Cambiamento<\/u><\/strong><\/p><p>Il passaggio al PUN Index GME \u00e8 stato deliberato dall\u2019ARERA (Autorit\u00e0 di Regolazione per Energia Reti e Ambiente) con la delibera <strong>304\/2024\/R\/eel<\/strong>. Questo cambiamento \u00e8 stato motivato dalla necessit\u00e0 di:<\/p><ul><li><strong>Aderenza ai costi reali<\/strong>: Le tariffe zonali riflettono pi\u00f9 accuratamente i costi di produzione e trasporto dell\u2019energia.<\/li><li><strong>Promozione dell\u2019efficienza energetica<\/strong>: Incentivare i consumatori e i produttori a ottimizzare l\u2019uso dell\u2019energia.<\/li><li><strong>Allineamento con le pratiche europee<\/strong>: Adottare un sistema di prezzi zonali gi\u00e0 utilizzato in altri Paesi europei.<\/li><\/ul><p><strong>\u00a0<\/strong><\/p><p><strong><u>Implicazioni per il Mercato<\/u><\/strong><\/p><p>Il nuovo indice avr\u00e0 diverse implicazioni:<\/p><ul><li><strong>Maggiore trasparenza<\/strong>: I prezzi rifletteranno meglio le condizioni locali, rendendo il mercato pi\u00f9 trasparente.<\/li><li><strong>Efficienza del sistema<\/strong>: Favorir\u00e0 una gestione pi\u00f9 efficiente delle risorse energetiche.<\/li><li><strong>Impatto sui consumatori<\/strong>: Nella fase iniziale, un meccanismo di perequazione previsto dall\u2019ARERA compenser\u00e0 eventuali variazioni di prezzo tra le diverse zone, mantenendo stabile il costo finale per i consumatori.<\/li><\/ul>\t\t\t\t\t\t\t\t<\/div>\n\t\t\t\t<div class=\"elementor-element elementor-element-dd61d4f custom-button01 elementor-widget elementor-widget-button\" data-id=\"dd61d4f\" data-element_type=\"widget\" data-e-type=\"widget\" data-widget_type=\"button.default\">\n\t\t\t\t\t\t\t\t\t\t<a class=\"elementor-button elementor-button-link elementor-size-sm\" href=\"http:\/\/www.mercatoelettrico.org\/It\/Statistiche\/ME\/PrezzoMedioFasce.aspx\" target=\"_blank\">\n\t\t\t\t\t\t<span class=\"elementor-button-content-wrapper\">\n\t\t\t\t\t\t<span class=\"elementor-button-icon\">\n\t\t\t\t<svg xmlns=\"http:\/\/www.w3.org\/2000\/svg\" id=\"uuid-e7bfa0ce-52b0-4645-9a28-ca6917df4a45\" viewBox=\"0 0 40 10.8\"><defs><style>.uuid-9bfe51e0-cc91-4410-8a51-7920daf2219f{stroke-width:0px;}<\/style><\/defs><path class=\"uuid-9bfe51e0-cc91-4410-8a51-7920daf2219f\" d=\"M27.1,0c-1-.2-1.7,1.3-.7,2,1.5,1,2.9,1.5,4.6,2.4,0,0-8,1.6-30.7,2.2-.6,0,0,.7.6.7,20.8.6,28.9,0,31.2-.5-.5,0-.7.6-2.1,2-1.5,1.4-.2,2.3,1,1.9,2.9-1.5,5.8-2.8,8.7-4.3.6-.3.6-1.6,0-1.9,0,0-6.9-3.5-12.5-4.5Z\"><\/path><\/svg>\t\t\t<\/span>\n\t\t\t\t\t\t\t\t\t<span class=\"elementor-button-text\">Mercato elettrico prezzo medio<\/span>\n\t\t\t\t\t<\/span>\n\t\t\t\t\t<\/a>\n\t\t\t\t\t\t\t\t<\/div>\n\t\t<div class=\"elementor-element elementor-element-a23e21b section-small e-flex e-con-boxed e-con e-child\" data-id=\"a23e21b\" data-element_type=\"container\" data-e-type=\"container\" data-settings=\"{&quot;jet_parallax_layout_list&quot;:[]}\">\n\t\t\t\t\t<div class=\"e-con-inner\">\n\t\t<div class=\"elementor-element elementor-element-ee66846 e-con-full box-pad20 box-border shadow e-flex e-con e-child\" data-id=\"ee66846\" data-element_type=\"container\" data-e-type=\"container\" data-settings=\"{&quot;jet_parallax_layout_list&quot;:[]}\">\n\t\t\t\t<div class=\"elementor-element elementor-element-97eaa77 elementor-widget__width-inherit elementor-widget-mobile__width-initial box-null elementor-widget elementor-widget-advance-datatable\" data-id=\"97eaa77\" data-element_type=\"widget\" data-e-type=\"widget\" data-widget_type=\"advance-datatable.default\">\n\t\t\t\t<div class=\"elementor-widget-container\">\n\t\t\t\t\t<div class=\"graphina-element  graphina-advance-data-table element-card\"\n\tdata-element_id=\"97eaa77\"\n\tdata-chart_type=\"advance-datatable\"\n\tdata-extra_data='{&quot;current_post_id&quot;:1680,&quot;prefix&quot;:&quot;iq_&quot;,&quot;pagination_text_color&quot;:&quot;&quot;,&quot;pagination_button_height&quot;:12,&quot;pagination_align&quot;:&quot;right&quot;,&quot;is_dynamic_table&quot;:true,&quot;is_pagination&quot;:false,&quot;pagination_type&quot;:&quot;numbers&quot;,&quot;page_range&quot;:0,&quot;pagination_row&quot;:0,&quot;pagination_info&quot;:false,&quot;is_header&quot;:true,&quot;header_in_body&quot;:false,&quot;is_index&quot;:false,&quot;index_header&quot;:&quot;#&quot;,&quot;index_type&quot;:&quot;number&quot;,&quot;columns&quot;:4,&quot;rows&quot;:24,&quot;search&quot;:false}'\n\tdata-table_data='{&quot;header&quot;:[&quot;&quot;,&quot;&quot;,&quot;&quot;,&quot;&quot;,&quot;&quot;],&quot;body&quot;:[[&quot;&quot;,&quot;&quot;,&quot;&quot;,&quot;&quot;,&quot;&quot;],[&quot;&quot;,&quot;&quot;,&quot;&quot;,&quot;&quot;,&quot;&quot;],[&quot;&quot;,&quot;&quot;,&quot;&quot;,&quot;&quot;,&quot;&quot;],[&quot;&quot;,&quot;&quot;,&quot;&quot;,&quot;&quot;,&quot;&quot;],[&quot;&quot;,&quot;&quot;,&quot;&quot;,&quot;&quot;,&quot;&quot;]]}'\n\tdata-settings='[]'>\n\t\t<div>\n\t<\/div>\n\t<div class=\"graphina-table graphina-table-97eaa77  \">\n\t<\/div>\n<\/div>\t\t\t\t<\/div>\n\t\t\t\t<\/div>\n\t\t\t\t<\/div>\n\t\t\t\t\t<\/div>\n\t\t\t\t<\/div>\n\t\t\t\t<\/div>\n\t\t<div id=\"e-n-tab-content-2211874482\" role=\"tabpanel\" aria-labelledby=\"e-n-tab-title-2211874482\" data-tab-index=\"2\" style=\"--n-tabs-title-order: 2;\" class=\" elementor-element elementor-element-f99b010 e-con-full box-null e-flex e-con e-child\" data-id=\"f99b010\" data-element_type=\"container\" data-e-type=\"container\" data-settings=\"{&quot;jet_parallax_layout_list&quot;:[]}\">\n\t\t\t\t<div class=\"elementor-element elementor-element-18f11aa elementor-widget elementor-widget-text-editor\" data-id=\"18f11aa\" data-element_type=\"widget\" data-e-type=\"widget\" data-widget_type=\"text-editor.default\">\n\t\t\t\t\t\t\t\t\t<h2>Was ist der PUN?<\/h2><p>Der PSbilGas-Index: Der Psbil_buy-Preis ist gleich dem arithmetischen Mittel der Einkaufs-Ungleichgewichtspreise Psbil_buy;G f\u00fcr jeden Tag des Versorgungsmonats gem\u00e4\u00df der Definition in Artikel 22 Absatz 2 Buchstabe b der EU-Verordnung 312\/2014 und entspricht dem an diesem Tag angenommenen H\u00f6chstwert zwischen: 1) dem System Average Price (SAP), erh\u00f6ht um den SA-Wert (Small Adjustment) gem\u00e4\u00df Ziffer 5.1 Buchstabe a der TIB (Erg\u00e4nzter Text \u00fcber den Ausgleich, laut Anhang A des Beschlusses 312\/2016\/R\/Gas und nachfolgende \u00c4nderungen, in H\u00f6he von 0,108 \u20ac\/MWh in Bezug auf November 2021), und 2) dem TSOPb, der dem H\u00f6chstpreis der vom Verantwortlichen f\u00fcr den Ausgleich f\u00fcr den Gas-Tag abgeschlossenen K\u00e4ufe entspricht. Diese Werte werden vom GME t\u00e4glich in \u20ac\/MWh auf seiner Website (<a href=\"http:\/\/www.mercatoelettrico.org\/\">www.mercatoelettrico.org<\/a>) ver\u00f6ffentlicht, im Abschnitt \u201eFunktionale Daten zur Bestimmung des Ausgleichspreises\u201c, bzw. im \u201eGewichteten Durchschnittspreis\u201c (SAP), und ver\u00f6ffentlicht \u201eSRG-Preis\u00a0\u2013 maximaler Einkaufspreis\u201c (TSOPb), und werden mit dem Umrechnungsfaktor 0,0107 MWh\/Standardkubikmeter in \u20ac\/Standardkubikmeter umgerechnet, bezogen auf ein Gas mit PCS gleich 38,52 MJ\/m\u00b3.<\/p>\t\t\t\t\t\t\t\t<\/div>\n\t\t\t\t<div class=\"elementor-element elementor-element-df677f6 custom-button01 elementor-widget elementor-widget-button\" data-id=\"df677f6\" data-element_type=\"widget\" data-e-type=\"widget\" data-widget_type=\"button.default\">\n\t\t\t\t\t\t\t\t\t\t<a class=\"elementor-button elementor-button-link elementor-size-sm\" href=\"http:\/\/www.mercatoelettrico.org\/It\/Statistiche\/ME\/PrezzoMedioFasce.aspx\" target=\"_blank\">\n\t\t\t\t\t\t<span class=\"elementor-button-content-wrapper\">\n\t\t\t\t\t\t<span class=\"elementor-button-icon\">\n\t\t\t\t<svg xmlns=\"http:\/\/www.w3.org\/2000\/svg\" id=\"uuid-e7bfa0ce-52b0-4645-9a28-ca6917df4a45\" viewBox=\"0 0 40 10.8\"><defs><style>.uuid-9bfe51e0-cc91-4410-8a51-7920daf2219f{stroke-width:0px;}<\/style><\/defs><path class=\"uuid-9bfe51e0-cc91-4410-8a51-7920daf2219f\" d=\"M27.1,0c-1-.2-1.7,1.3-.7,2,1.5,1,2.9,1.5,4.6,2.4,0,0-8,1.6-30.7,2.2-.6,0,0,.7.6.7,20.8.6,28.9,0,31.2-.5-.5,0-.7.6-2.1,2-1.5,1.4-.2,2.3,1,1.9,2.9-1.5,5.8-2.8,8.7-4.3.6-.3.6-1.6,0-1.9,0,0-6.9-3.5-12.5-4.5Z\"><\/path><\/svg>\t\t\t<\/span>\n\t\t\t\t\t\t\t\t\t<span class=\"elementor-button-text\">Durchschnittlicher Strommarktpreis<\/span>\n\t\t\t\t\t<\/span>\n\t\t\t\t\t<\/a>\n\t\t\t\t\t\t\t\t<\/div>\n\t\t<div class=\"elementor-element elementor-element-e2df8d7 section-small e-flex e-con-boxed e-con e-child\" data-id=\"e2df8d7\" data-element_type=\"container\" data-e-type=\"container\" data-settings=\"{&quot;jet_parallax_layout_list&quot;:[]}\">\n\t\t\t\t\t<div class=\"e-con-inner\">\n\t\t<div class=\"elementor-element elementor-element-727a6e3 e-con-full box-pad20 box-border shadow e-flex e-con e-child\" data-id=\"727a6e3\" data-element_type=\"container\" data-e-type=\"container\" data-settings=\"{&quot;jet_parallax_layout_list&quot;:[]}\">\n\t\t\t\t<div class=\"elementor-element elementor-element-4af967a elementor-widget__width-inherit elementor-widget-mobile__width-initial box-null elementor-widget elementor-widget-advance-datatable\" data-id=\"4af967a\" data-element_type=\"widget\" data-e-type=\"widget\" data-widget_type=\"advance-datatable.default\">\n\t\t\t\t<div class=\"elementor-widget-container\">\n\t\t\t\t\t<div class=\"graphina-element  graphina-advance-data-table element-card\"\n\tdata-element_id=\"4af967a\"\n\tdata-chart_type=\"advance-datatable\"\n\tdata-extra_data='{&quot;current_post_id&quot;:1680,&quot;prefix&quot;:&quot;iq_&quot;,&quot;pagination_text_color&quot;:&quot;&quot;,&quot;pagination_button_height&quot;:12,&quot;pagination_align&quot;:&quot;right&quot;,&quot;is_dynamic_table&quot;:true,&quot;is_pagination&quot;:false,&quot;pagination_type&quot;:&quot;numbers&quot;,&quot;page_range&quot;:0,&quot;pagination_row&quot;:0,&quot;pagination_info&quot;:false,&quot;is_header&quot;:true,&quot;header_in_body&quot;:false,&quot;is_index&quot;:false,&quot;index_header&quot;:&quot;#&quot;,&quot;index_type&quot;:&quot;number&quot;,&quot;columns&quot;:4,&quot;rows&quot;:24,&quot;search&quot;:false}'\n\tdata-table_data='{&quot;header&quot;:[&quot;&quot;,&quot;&quot;,&quot;&quot;,&quot;&quot;,&quot;&quot;],&quot;body&quot;:[[&quot;&quot;,&quot;&quot;,&quot;&quot;,&quot;&quot;,&quot;&quot;],[&quot;&quot;,&quot;&quot;,&quot;&quot;,&quot;&quot;,&quot;&quot;],[&quot;&quot;,&quot;&quot;,&quot;&quot;,&quot;&quot;,&quot;&quot;],[&quot;&quot;,&quot;&quot;,&quot;&quot;,&quot;&quot;,&quot;&quot;],[&quot;&quot;,&quot;&quot;,&quot;&quot;,&quot;&quot;,&quot;&quot;]]}'\n\tdata-settings='[]'>\n\t\t<div>\n\t<\/div>\n\t<div class=\"graphina-table graphina-table-4af967a  \">\n\t<\/div>\n<\/div>\t\t\t\t<\/div>\n\t\t\t\t<\/div>\n\t\t\t\t<\/div>\n\t\t\t\t\t<\/div>\n\t\t\t\t<\/div>\n\t\t\t\t<\/div>\n\t\t\t\t\t<\/div>\n\t\t<\/div>\n\t\t\t\t\t\t<\/div>\n\t\t\t\t<\/div>\n\t\t\t\t\t<\/div>\n\t\t\t\t<\/div>\n\t\t<div class=\"elementor-element elementor-element-326366d e-con-full box-null e-flex e-con e-parent\" data-id=\"326366d\" data-element_type=\"container\" data-e-type=\"container\" data-settings=\"{&quot;jet_parallax_layout_list&quot;:[]}\">\n\t\t\t\t<\/div>\n\t\t<div class=\"elementor-element elementor-element-4d2d627 e-con-full e-flex e-con e-parent\" data-id=\"4d2d627\" data-element_type=\"container\" data-e-type=\"container\" data-settings=\"{&quot;jet_parallax_layout_list&quot;:[]}\">\n\t\t\t\t<\/div>\n\t\t\t\t<\/div>\n\t\t","protected":false},"excerpt":{"rendered":"<p>IT DE Cos&#8217;\u00e8 il PUN? Il PUN Index GME \u00e8 un nuovo indice che sostituisce il Prezzo Unico Nazionale (PUN) a partire dal 1 gennaio 2025. Questo cambiamento \u00e8 stato introdotto per riflettere meglio le dinamiche locali di produzione e consumo dell\u2019energia elettrica in Italia. Il PUN Index GME \u00e8 una media ponderata dei prezzi [&hellip;]<\/p>\n","protected":false},"author":12,"featured_media":0,"parent":0,"menu_order":9,"comment_status":"closed","ping_status":"closed","template":"","meta":{"_acf_changed":false,"footnotes":""},"categories":[],"tags":[],"class_list":["post-1680","page","type-page","status-publish","hentry"],"acf":[],"yoast_head":"<!-- This site is optimized with the Yoast SEO Premium plugin v24.3 (Yoast SEO v27.3) - https:\/\/yoast.com\/product\/yoast-seo-premium-wordpress\/ -->\n<title>PUN - Planetfirst<\/title>\n<meta name=\"description\" content=\"Il Prezzo unico nazionale , conosciuto anche con l\u2019acronimo PUN, \u00e8 il prezzo di riferimento dell\u2019energia elettrica rilevato sulla bors\" \/>\n<meta name=\"robots\" content=\"index, follow, max-snippet:-1, max-image-preview:large, max-video-preview:-1\" \/>\n<link rel=\"canonical\" href=\"https:\/\/ubroker.it\/planetfirst\/pun\" \/>\n<meta property=\"og:locale\" content=\"it_IT\" \/>\n<meta property=\"og:type\" content=\"article\" \/>\n<meta property=\"og:title\" content=\"PUN\" \/>\n<meta property=\"og:description\" content=\"Il Prezzo unico nazionale , conosciuto anche con l\u2019acronimo PUN, \u00e8 il prezzo di riferimento dell\u2019energia elettrica rilevato sulla bors\" \/>\n<meta property=\"og:url\" content=\"https:\/\/ubroker.it\/planetfirst\/pun\" \/>\n<meta property=\"og:site_name\" content=\"Planetfirst\" \/>\n<meta property=\"article:modified_time\" content=\"2026-02-12T16:55:24+00:00\" \/>\n<meta name=\"twitter:card\" content=\"summary_large_image\" \/>\n<meta name=\"twitter:label1\" content=\"Tempo di lettura stimato\" \/>\n\t<meta name=\"twitter:data1\" content=\"3 minuti\" \/>\n<script type=\"application\/ld+json\" class=\"yoast-schema-graph\">{\"@context\":\"https:\\\/\\\/schema.org\",\"@graph\":[{\"@type\":\"WebPage\",\"@id\":\"https:\\\/\\\/ubroker.it\\\/planetfirst\\\/pun\",\"url\":\"https:\\\/\\\/ubroker.it\\\/planetfirst\\\/pun\",\"name\":\"PUN - Planetfirst\",\"isPartOf\":{\"@id\":\"https:\\\/\\\/ubroker.it\\\/planetfirst\\\/#website\"},\"datePublished\":\"2019-05-28T09:34:54+00:00\",\"dateModified\":\"2026-02-12T16:55:24+00:00\",\"description\":\"Il Prezzo unico nazionale , conosciuto anche con l\u2019acronimo PUN, \u00e8 il prezzo di riferimento dell\u2019energia elettrica rilevato sulla bors\",\"breadcrumb\":{\"@id\":\"https:\\\/\\\/ubroker.it\\\/planetfirst\\\/pun#breadcrumb\"},\"inLanguage\":\"it-IT\",\"potentialAction\":[{\"@type\":\"ReadAction\",\"target\":[\"https:\\\/\\\/ubroker.it\\\/planetfirst\\\/pun\"]}]},{\"@type\":\"BreadcrumbList\",\"@id\":\"https:\\\/\\\/ubroker.it\\\/planetfirst\\\/pun#breadcrumb\",\"itemListElement\":[{\"@type\":\"ListItem\",\"position\":1,\"name\":\"Home\",\"item\":\"https:\\\/\\\/ubroker.it\\\/planetfirst\"},{\"@type\":\"ListItem\",\"position\":2,\"name\":\"PUN\"}]},{\"@type\":\"WebSite\",\"@id\":\"https:\\\/\\\/ubroker.it\\\/planetfirst\\\/#website\",\"url\":\"https:\\\/\\\/ubroker.it\\\/planetfirst\\\/\",\"name\":\"Planetfirst\",\"description\":\"ESG environmental social governance\",\"potentialAction\":[{\"@type\":\"SearchAction\",\"target\":{\"@type\":\"EntryPoint\",\"urlTemplate\":\"https:\\\/\\\/ubroker.it\\\/planetfirst\\\/?s={search_term_string}\"},\"query-input\":{\"@type\":\"PropertyValueSpecification\",\"valueRequired\":true,\"valueName\":\"search_term_string\"}}],\"inLanguage\":\"it-IT\"}]}<\/script>\n<!-- \/ Yoast SEO Premium plugin. -->","yoast_head_json":{"title":"PUN - Planetfirst","description":"Il Prezzo unico nazionale , conosciuto anche con l\u2019acronimo PUN, \u00e8 il prezzo di riferimento dell\u2019energia elettrica rilevato sulla bors","robots":{"index":"index","follow":"follow","max-snippet":"max-snippet:-1","max-image-preview":"max-image-preview:large","max-video-preview":"max-video-preview:-1"},"canonical":"https:\/\/ubroker.it\/planetfirst\/pun","og_locale":"it_IT","og_type":"article","og_title":"PUN","og_description":"Il Prezzo unico nazionale , conosciuto anche con l\u2019acronimo PUN, \u00e8 il prezzo di riferimento dell\u2019energia elettrica rilevato sulla bors","og_url":"https:\/\/ubroker.it\/planetfirst\/pun","og_site_name":"Planetfirst","article_modified_time":"2026-02-12T16:55:24+00:00","twitter_card":"summary_large_image","twitter_misc":{"Tempo di lettura stimato":"3 minuti"},"schema":{"@context":"https:\/\/schema.org","@graph":[{"@type":"WebPage","@id":"https:\/\/ubroker.it\/planetfirst\/pun","url":"https:\/\/ubroker.it\/planetfirst\/pun","name":"PUN - Planetfirst","isPartOf":{"@id":"https:\/\/ubroker.it\/planetfirst\/#website"},"datePublished":"2019-05-28T09:34:54+00:00","dateModified":"2026-02-12T16:55:24+00:00","description":"Il Prezzo unico nazionale , conosciuto anche con l\u2019acronimo PUN, \u00e8 il prezzo di riferimento dell\u2019energia elettrica rilevato sulla bors","breadcrumb":{"@id":"https:\/\/ubroker.it\/planetfirst\/pun#breadcrumb"},"inLanguage":"it-IT","potentialAction":[{"@type":"ReadAction","target":["https:\/\/ubroker.it\/planetfirst\/pun"]}]},{"@type":"BreadcrumbList","@id":"https:\/\/ubroker.it\/planetfirst\/pun#breadcrumb","itemListElement":[{"@type":"ListItem","position":1,"name":"Home","item":"https:\/\/ubroker.it\/planetfirst"},{"@type":"ListItem","position":2,"name":"PUN"}]},{"@type":"WebSite","@id":"https:\/\/ubroker.it\/planetfirst\/#website","url":"https:\/\/ubroker.it\/planetfirst\/","name":"Planetfirst","description":"ESG environmental social governance","potentialAction":[{"@type":"SearchAction","target":{"@type":"EntryPoint","urlTemplate":"https:\/\/ubroker.it\/planetfirst\/?s={search_term_string}"},"query-input":{"@type":"PropertyValueSpecification","valueRequired":true,"valueName":"search_term_string"}}],"inLanguage":"it-IT"}]}},"_links":{"self":[{"href":"https:\/\/ubroker.it\/planetfirst\/wp-json\/wp\/v2\/pages\/1680","targetHints":{"allow":["GET"]}}],"collection":[{"href":"https:\/\/ubroker.it\/planetfirst\/wp-json\/wp\/v2\/pages"}],"about":[{"href":"https:\/\/ubroker.it\/planetfirst\/wp-json\/wp\/v2\/types\/page"}],"author":[{"embeddable":true,"href":"https:\/\/ubroker.it\/planetfirst\/wp-json\/wp\/v2\/users\/12"}],"replies":[{"embeddable":true,"href":"https:\/\/ubroker.it\/planetfirst\/wp-json\/wp\/v2\/comments?post=1680"}],"version-history":[{"count":0,"href":"https:\/\/ubroker.it\/planetfirst\/wp-json\/wp\/v2\/pages\/1680\/revisions"}],"wp:attachment":[{"href":"https:\/\/ubroker.it\/planetfirst\/wp-json\/wp\/v2\/media?parent=1680"}],"wp:term":[{"taxonomy":"category","embeddable":true,"href":"https:\/\/ubroker.it\/planetfirst\/wp-json\/wp\/v2\/categories?post=1680"},{"taxonomy":"post_tag","embeddable":true,"href":"https:\/\/ubroker.it\/planetfirst\/wp-json\/wp\/v2\/tags?post=1680"}],"curies":[{"name":"wp","href":"https:\/\/api.w.org\/{rel}","templated":true}]}}