{"id":1676,"date":"2017-11-28T13:37:07","date_gmt":"2017-11-28T11:37:07","guid":{"rendered":"https:\/\/ubroker.it\/planetfirst\/offerta-luce-gas-aziende-business\/"},"modified":"2026-04-03T17:42:02","modified_gmt":"2026-04-03T15:42:02","slug":"offerta-luce-gas-aziende-business","status":"publish","type":"page","link":"https:\/\/ubroker.it\/planetfirst\/offerte\/offerta-luce-gas-aziende-business","title":{"rendered":"Offerta luce e gas aziende | uBroker Business"},"content":{"rendered":"\t\t<div data-elementor-type=\"wp-page\" data-elementor-id=\"1676\" class=\"elementor elementor-1676\" data-elementor-post-type=\"page\">\n\t\t\t\t<div class=\"elementor-element elementor-element-eaa0833 e-flex e-con-boxed e-con e-parent\" data-id=\"eaa0833\" data-element_type=\"container\" data-e-type=\"container\" data-settings=\"{&quot;jet_parallax_layout_list&quot;:[]}\">\n\t\t\t\t\t<div class=\"e-con-inner\">\n\t\t\t\t\t<\/div>\n\t\t\t\t<\/div>\n\t\t<div class=\"elementor-element elementor-element-a55715f e-con-full e-flex e-con e-parent\" data-id=\"a55715f\" data-element_type=\"container\" data-e-type=\"container\" data-settings=\"{&quot;jet_parallax_layout_list&quot;:[]}\">\n\t\t\t\t<\/div>\n\t\t<div class=\"elementor-element elementor-element-00f5b3a e-con-full box-null e-flex e-con e-parent\" data-id=\"00f5b3a\" data-element_type=\"container\" data-e-type=\"container\" data-settings=\"{&quot;jet_parallax_layout_list&quot;:[],&quot;background_background&quot;:&quot;classic&quot;}\">\n\t\t<div class=\"elementor-element elementor-element-079f5e8 e-con-full e-flex e-con e-child\" data-id=\"079f5e8\" data-element_type=\"container\" data-e-type=\"container\" data-settings=\"{&quot;jet_parallax_layout_list&quot;:[]}\">\n\t\t\t\t<\/div>\n\t\t\t\t<\/div>\n\t\t<div class=\"elementor-element elementor-element-95e4169 section e-flex e-con-boxed e-con e-parent\" data-id=\"95e4169\" data-element_type=\"container\" data-e-type=\"container\" data-settings=\"{&quot;jet_parallax_layout_list&quot;:[]}\">\n\t\t\t\t\t<div class=\"e-con-inner\">\n\t\t\t\t<div class=\"elementor-element elementor-element-e0a880a elementor-widget elementor-widget-heading\" data-id=\"e0a880a\" data-element_type=\"widget\" data-e-type=\"widget\" data-widget_type=\"heading.default\">\n\t\t\t\t\t<h2 class=\"elementor-heading-title elementor-size-default\">Scegli tra le offerte luce e gas di uBroker e dai pi\u00f9 energia alla tua impresa.<\/h2>\t\t\t\t<\/div>\n\t\t\t\t<div class=\"elementor-element elementor-element-be4a0c7 elementor-widget elementor-widget-text-editor\" data-id=\"be4a0c7\" data-element_type=\"widget\" data-e-type=\"widget\" data-widget_type=\"text-editor.default\">\n\t\t\t\t\t\t\t\t\t<p>Le offerte <b>Dinamico Luce e Dinamico Gas<\/b>\u00a0sono costruite per soddisfare tutte le esigenze delle aziende italiane mirando al risparmio e all&#8217;efficienza massima.<\/p><p>In un momento cos\u00ec delicato scegliere l&#8217;<b>offerta giusta<\/b> per la tua impresa pu\u00f2 fare tutta la differenza che desideri e dare maggiore competitivit\u00e0 garantendoti un interlocutore affidabile e certificato.<\/p><p><b>uBroker<\/b>, la scelta vincente!<\/p>\t\t\t\t\t\t\t\t<\/div>\n\t\t\t\t\t<\/div>\n\t\t\t\t<\/div>\n\t\t<div class=\"elementor-element elementor-element-0fc2c16 e-con-full box-null e-flex e-con e-parent\" data-id=\"0fc2c16\" data-element_type=\"container\" data-e-type=\"container\" data-settings=\"{&quot;background_background&quot;:&quot;classic&quot;,&quot;jet_parallax_layout_list&quot;:[]}\">\n\t\t<div class=\"elementor-element elementor-element-84923ef section e-flex e-con-boxed e-con e-child\" data-id=\"84923ef\" data-element_type=\"container\" data-e-type=\"container\" data-settings=\"{&quot;jet_parallax_layout_list&quot;:[]}\">\n\t\t\t\t\t<div class=\"e-con-inner\">\n\t\t\t\t<div class=\"elementor-element elementor-element-64c53d8 elementor-widget elementor-widget-heading\" data-id=\"64c53d8\" data-element_type=\"widget\" data-e-type=\"widget\" data-settings=\"{&quot;motion_fx_motion_fx_scrolling&quot;:&quot;yes&quot;,&quot;motion_fx_translateY_effect&quot;:&quot;yes&quot;,&quot;motion_fx_translateY_speed&quot;:{&quot;unit&quot;:&quot;px&quot;,&quot;size&quot;:1,&quot;sizes&quot;:[]},&quot;motion_fx_translateY_affectedRange&quot;:{&quot;unit&quot;:&quot;%&quot;,&quot;size&quot;:&quot;&quot;,&quot;sizes&quot;:{&quot;start&quot;:0,&quot;end&quot;:100}},&quot;motion_fx_devices&quot;:[&quot;widescreen&quot;,&quot;desktop&quot;,&quot;laptop&quot;,&quot;tablet_extra&quot;,&quot;tablet&quot;,&quot;mobile_extra&quot;,&quot;mobile&quot;]}\" data-widget_type=\"heading.default\">\n\t\t\t\t\t<h2 class=\"elementor-heading-title elementor-size-default\">\"L'energia non si pu\u00f2 cambiare,<br> il servizio s\u00ec\"\n<\/h2>\t\t\t\t<\/div>\n\t\t\t\t\t<\/div>\n\t\t\t\t<\/div>\n\t\t\t\t<\/div>\n\t\t<div class=\"elementor-element elementor-element-6624dba section e-flex e-con-boxed e-con e-parent\" data-id=\"6624dba\" data-element_type=\"container\" data-e-type=\"container\" data-settings=\"{&quot;jet_parallax_layout_list&quot;:[]}\">\n\t\t\t\t\t<div class=\"e-con-inner\">\n\t\t<a class=\"elementor-element elementor-element-4d26ebb e-con-full box-pad30 box-line03 shadow e-flex e-con e-child\" data-id=\"4d26ebb\" data-element_type=\"container\" data-e-type=\"container\" data-settings=\"{&quot;jet_parallax_layout_list&quot;:[]}\" href=\"#conversione\">\n\t\t\t\t<div class=\"elementor-element elementor-element-35b2a29 elementor-view-stacked elementor-shape-circle elementor-widget elementor-widget-icon\" data-id=\"35b2a29\" data-element_type=\"widget\" data-e-type=\"widget\" data-widget_type=\"icon.default\">\n\t\t\t\t\t\t\t<div class=\"elementor-icon-wrapper\">\n\t\t\t<div class=\"elementor-icon\">\n\t\t\t<svg aria-hidden=\"true\" class=\"e-font-icon-svg e-fas-city\" viewBox=\"0 0 640 512\" xmlns=\"http:\/\/www.w3.org\/2000\/svg\"><path d=\"M616 192H480V24c0-13.26-10.74-24-24-24H312c-13.26 0-24 10.74-24 24v72h-64V16c0-8.84-7.16-16-16-16h-16c-8.84 0-16 7.16-16 16v80h-64V16c0-8.84-7.16-16-16-16H80c-8.84 0-16 7.16-16 16v80H24c-13.26 0-24 10.74-24 24v360c0 17.67 14.33 32 32 32h576c17.67 0 32-14.33 32-32V216c0-13.26-10.75-24-24-24zM128 404c0 6.63-5.37 12-12 12H76c-6.63 0-12-5.37-12-12v-40c0-6.63 5.37-12 12-12h40c6.63 0 12 5.37 12 12v40zm0-96c0 6.63-5.37 12-12 12H76c-6.63 0-12-5.37-12-12v-40c0-6.63 5.37-12 12-12h40c6.63 0 12 5.37 12 12v40zm0-96c0 6.63-5.37 12-12 12H76c-6.63 0-12-5.37-12-12v-40c0-6.63 5.37-12 12-12h40c6.63 0 12 5.37 12 12v40zm128 192c0 6.63-5.37 12-12 12h-40c-6.63 0-12-5.37-12-12v-40c0-6.63 5.37-12 12-12h40c6.63 0 12 5.37 12 12v40zm0-96c0 6.63-5.37 12-12 12h-40c-6.63 0-12-5.37-12-12v-40c0-6.63 5.37-12 12-12h40c6.63 0 12 5.37 12 12v40zm0-96c0 6.63-5.37 12-12 12h-40c-6.63 0-12-5.37-12-12v-40c0-6.63 5.37-12 12-12h40c6.63 0 12 5.37 12 12v40zm160 96c0 6.63-5.37 12-12 12h-40c-6.63 0-12-5.37-12-12v-40c0-6.63 5.37-12 12-12h40c6.63 0 12 5.37 12 12v40zm0-96c0 6.63-5.37 12-12 12h-40c-6.63 0-12-5.37-12-12v-40c0-6.63 5.37-12 12-12h40c6.63 0 12 5.37 12 12v40zm0-96c0 6.63-5.37 12-12 12h-40c-6.63 0-12-5.37-12-12V76c0-6.63 5.37-12 12-12h40c6.63 0 12 5.37 12 12v40zm160 288c0 6.63-5.37 12-12 12h-40c-6.63 0-12-5.37-12-12v-40c0-6.63 5.37-12 12-12h40c6.63 0 12 5.37 12 12v40zm0-96c0 6.63-5.37 12-12 12h-40c-6.63 0-12-5.37-12-12v-40c0-6.63 5.37-12 12-12h40c6.63 0 12 5.37 12 12v40z\"><\/path><\/svg>\t\t\t<\/div>\n\t\t<\/div>\n\t\t\t\t\t\t<\/div>\n\t\t\t\t<div class=\"elementor-element elementor-element-9ec82ad elementor-widget elementor-widget-heading\" data-id=\"9ec82ad\" data-element_type=\"widget\" data-e-type=\"widget\" data-widget_type=\"heading.default\">\n\t\t\t\t\t<h3 class=\"elementor-heading-title elementor-size-default\">Per la tua azienda per il tuo business<\/h3>\t\t\t\t<\/div>\n\t\t\t\t<\/a>\n\t\t<a class=\"elementor-element elementor-element-d50940b e-con-full box-pad30 box-line04 shadow e-flex e-con e-child\" data-id=\"d50940b\" data-element_type=\"container\" data-e-type=\"container\" data-settings=\"{&quot;background_background&quot;:&quot;gradient&quot;,&quot;jet_parallax_layout_list&quot;:[]}\" href=\"https:\/\/ubroker.it\/planetfirst\/offerte\">\n\t\t\t\t<div class=\"elementor-element elementor-element-0f04b8e elementor-view-stacked elementor-shape-circle elementor-widget elementor-widget-icon\" data-id=\"0f04b8e\" data-element_type=\"widget\" data-e-type=\"widget\" data-widget_type=\"icon.default\">\n\t\t\t\t\t\t\t<div class=\"elementor-icon-wrapper\">\n\t\t\t<div class=\"elementor-icon\">\n\t\t\t<svg aria-hidden=\"true\" class=\"e-font-icon-svg e-fas-file\" viewBox=\"0 0 384 512\" xmlns=\"http:\/\/www.w3.org\/2000\/svg\"><path d=\"M224 136V0H24C10.7 0 0 10.7 0 24v464c0 13.3 10.7 24 24 24h336c13.3 0 24-10.7 24-24V160H248c-13.2 0-24-10.8-24-24zm160-14.1v6.1H256V0h6.1c6.4 0 12.5 2.5 17 7l97.9 98c4.5 4.5 7 10.6 7 16.9z\"><\/path><\/svg>\t\t\t<\/div>\n\t\t<\/div>\n\t\t\t\t\t\t<\/div>\n\t\t\t\t<div class=\"elementor-element elementor-element-c913312 elementor-widget elementor-widget-heading\" data-id=\"c913312\" data-element_type=\"widget\" data-e-type=\"widget\" data-widget_type=\"heading.default\">\n\t\t\t\t\t<h3 class=\"elementor-heading-title elementor-size-default\">Leggi le nostre offerte<\/h3>\t\t\t\t<\/div>\n\t\t\t\t<\/a>\n\t\t\t\t\t<\/div>\n\t\t\t\t<\/div>\n\t\t<div class=\"elementor-element elementor-element-e73d384 box-null e-flex e-con-boxed e-con e-parent\" data-id=\"e73d384\" data-element_type=\"container\" data-e-type=\"container\" data-settings=\"{&quot;background_background&quot;:&quot;classic&quot;,&quot;jet_parallax_layout_list&quot;:[],&quot;animation_mobile&quot;:&quot;fadeIn&quot;}\">\n\t\t\t\t\t<div class=\"e-con-inner\">\n\t\t\t\t\t<\/div>\n\t\t\t\t<\/div>\n\t\t<div class=\"elementor-element elementor-element-b8ccf74 section e-flex e-con-boxed e-con e-parent\" data-id=\"b8ccf74\" data-element_type=\"container\" data-e-type=\"container\" id=\"conversione\" data-settings=\"{&quot;background_background&quot;:&quot;classic&quot;,&quot;jet_parallax_layout_list&quot;:[],&quot;animation_mobile&quot;:&quot;fadeIn&quot;}\">\n\t\t\t\t\t<div class=\"e-con-inner\">\n\t\t\t\t\t<\/div>\n\t\t\t\t<\/div>\n\t\t<div class=\"elementor-element elementor-element-d424a88 section e-flex e-con-boxed e-con e-parent\" data-id=\"d424a88\" data-element_type=\"container\" data-e-type=\"container\" data-settings=\"{&quot;jet_parallax_layout_list&quot;:[]}\">\n\t\t\t\t\t<div class=\"e-con-inner\">\n\t\t\t\t<div class=\"elementor-element elementor-element-fd97e15 elementor-widget elementor-widget-heading\" data-id=\"fd97e15\" data-element_type=\"widget\" data-e-type=\"widget\" data-widget_type=\"heading.default\">\n\t\t\t\t\t<h2 class=\"elementor-heading-title elementor-size-default\">Elimina gli sprechi!<\/h2>\t\t\t\t<\/div>\n\t\t\t\t<div class=\"elementor-element elementor-element-2cd38e0 elementor-widget elementor-widget-text-editor\" data-id=\"2cd38e0\" data-element_type=\"widget\" data-e-type=\"widget\" data-widget_type=\"text-editor.default\">\n\t\t\t\t\t\t\t\t\t<h4>&#8220;Un Unico Referente, un\u2019Unica Fattura&#8221;\u00a0<\/h4>\t\t\t\t\t\t\t\t<\/div>\n\t\t\t\t<div class=\"elementor-element elementor-element-0a677db elementor-widget elementor-widget-text-editor\" data-id=\"0a677db\" data-element_type=\"widget\" data-e-type=\"widget\" data-widget_type=\"text-editor.default\">\n\t\t\t\t\t\t\t\t\t<h4><span style=\"font-size: 16px; color: var( --e-global-color-text ); font-family: var( --e-global-typography-text-font-family ), Comfortaa; font-weight: var( --e-global-typography-text-font-weight );\">Utilizza e paga solo l\u2019energia che ti serve davvero:<\/span><\/h4>\t\t\t\t\t\t\t\t<\/div>\n\t\t\t\t<div class=\"elementor-element elementor-element-be8f9f3 elementor-icon-list--layout-traditional elementor-list-item-link-full_width elementor-widget elementor-widget-icon-list\" data-id=\"be8f9f3\" data-element_type=\"widget\" data-e-type=\"widget\" data-widget_type=\"icon-list.default\">\n\t\t\t\t\t\t\t<ul class=\"elementor-icon-list-items\">\n\t\t\t\t\t\t\t<li class=\"elementor-icon-list-item\">\n\t\t\t\t\t\t\t\t\t\t\t<span class=\"elementor-icon-list-icon\">\n\t\t\t\t\t\t\t<svg aria-hidden=\"true\" class=\"e-font-icon-svg e-far-dot-circle\" viewBox=\"0 0 512 512\" xmlns=\"http:\/\/www.w3.org\/2000\/svg\"><path d=\"M256 56c110.532 0 200 89.451 200 200 0 110.532-89.451 200-200 200-110.532 0-200-89.451-200-200 0-110.532 89.451-200 200-200m0-48C119.033 8 8 119.033 8 256s111.033 248 248 248 248-111.033 248-248S392.967 8 256 8zm0 168c-44.183 0-80 35.817-80 80s35.817 80 80 80 80-35.817 80-80-35.817-80-80-80z\"><\/path><\/svg>\t\t\t\t\t\t<\/span>\n\t\t\t\t\t\t\t\t\t\t<span class=\"elementor-icon-list-text\">Analisi Mensili dei Consumi di energia<\/span>\n\t\t\t\t\t\t\t\t\t<\/li>\n\t\t\t\t\t\t\t\t<li class=\"elementor-icon-list-item\">\n\t\t\t\t\t\t\t\t\t\t\t<span class=\"elementor-icon-list-icon\">\n\t\t\t\t\t\t\t<svg aria-hidden=\"true\" class=\"e-font-icon-svg e-far-dot-circle\" viewBox=\"0 0 512 512\" xmlns=\"http:\/\/www.w3.org\/2000\/svg\"><path d=\"M256 56c110.532 0 200 89.451 200 200 0 110.532-89.451 200-200 200-110.532 0-200-89.451-200-200 0-110.532 89.451-200 200-200m0-48C119.033 8 8 119.033 8 256s111.033 248 248 248 248-111.033 248-248S392.967 8 256 8zm0 168c-44.183 0-80 35.817-80 80s35.817 80 80 80 80-35.817 80-80-35.817-80-80-80z\"><\/path><\/svg>\t\t\t\t\t\t<\/span>\n\t\t\t\t\t\t\t\t\t\t<span class=\"elementor-icon-list-text\">Tariffa Flessibile<\/span>\n\t\t\t\t\t\t\t\t\t<\/li>\n\t\t\t\t\t\t\t\t<li class=\"elementor-icon-list-item\">\n\t\t\t\t\t\t\t\t\t\t\t<span class=\"elementor-icon-list-icon\">\n\t\t\t\t\t\t\t<svg aria-hidden=\"true\" class=\"e-font-icon-svg e-far-dot-circle\" viewBox=\"0 0 512 512\" xmlns=\"http:\/\/www.w3.org\/2000\/svg\"><path d=\"M256 56c110.532 0 200 89.451 200 200 0 110.532-89.451 200-200 200-110.532 0-200-89.451-200-200 0-110.532 89.451-200 200-200m0-48C119.033 8 8 119.033 8 256s111.033 248 248 248 248-111.033 248-248S392.967 8 256 8zm0 168c-44.183 0-80 35.817-80 80s35.817 80 80 80 80-35.817 80-80-35.817-80-80-80z\"><\/path><\/svg>\t\t\t\t\t\t<\/span>\n\t\t\t\t\t\t\t\t\t\t<span class=\"elementor-icon-list-text\">Fattura Semplice con Risparmio chiaro e soprattutto visibile<\/span>\n\t\t\t\t\t\t\t\t\t<\/li>\n\t\t\t\t\t\t\t\t<li class=\"elementor-icon-list-item\">\n\t\t\t\t\t\t\t\t\t\t\t<span class=\"elementor-icon-list-icon\">\n\t\t\t\t\t\t\t<svg aria-hidden=\"true\" class=\"e-font-icon-svg e-far-dot-circle\" viewBox=\"0 0 512 512\" xmlns=\"http:\/\/www.w3.org\/2000\/svg\"><path d=\"M256 56c110.532 0 200 89.451 200 200 0 110.532-89.451 200-200 200-110.532 0-200-89.451-200-200 0-110.532 89.451-200 200-200m0-48C119.033 8 8 119.033 8 256s111.033 248 248 248 248-111.033 248-248S392.967 8 256 8zm0 168c-44.183 0-80 35.817-80 80s35.817 80 80 80 80-35.817 80-80-35.817-80-80-80z\"><\/path><\/svg>\t\t\t\t\t\t<\/span>\n\t\t\t\t\t\t\t\t\t\t<span class=\"elementor-icon-list-text\">Nessun Intervento sugli Impianti n\u00e8 alcun cambio di Contatore dell\u2019energia<\/span>\n\t\t\t\t\t\t\t\t\t<\/li>\n\t\t\t\t\t\t<\/ul>\n\t\t\t\t\t\t<\/div>\n\t\t\t\t\t<\/div>\n\t\t\t\t<\/div>\n\t\t<div class=\"elementor-element elementor-element-e9b04fa e-con-full box-null e-flex e-con e-parent\" data-id=\"e9b04fa\" data-element_type=\"container\" data-e-type=\"container\" data-settings=\"{&quot;jet_parallax_layout_list&quot;:[]}\">\n\t\t\t\t<\/div>\n\t\t<div class=\"elementor-element elementor-element-d395c5a e-flex e-con-boxed e-con e-parent\" data-id=\"d395c5a\" data-element_type=\"container\" data-e-type=\"container\" data-settings=\"{&quot;jet_parallax_layout_list&quot;:[]}\">\n\t\t\t\t\t<div class=\"e-con-inner\">\n\t\t\t\t\t<\/div>\n\t\t\t\t<\/div>\n\t\t\t\t<\/div>\n\t\t","protected":false},"excerpt":{"rendered":"<p>[rev_slider alias=&#8221;Offerta-Aziende&#8221; slidertitle=&#8221;Offerta Aziende&#8221;][\/rev_slider] Scegli tra le offerte luce e gas di uBroker e dai pi\u00f9 energia alla tua impresa. Le offerte Dinamico Luce e Dinamico Gas\u00a0sono costruite per soddisfare tutte le esigenze delle aziende italiane mirando al risparmio e all&#8217;efficienza massima. In un momento cos\u00ec delicato scegliere l&#8217;offerta giusta per la tua impresa pu\u00f2 [&hellip;]<\/p>\n","protected":false},"author":12,"featured_media":0,"parent":1677,"menu_order":1,"comment_status":"closed","ping_status":"closed","template":"","meta":{"_acf_changed":false,"footnotes":""},"categories":[],"tags":[],"class_list":["post-1676","page","type-page","status-publish","hentry"],"acf":[],"yoast_head":"<!-- This site is optimized with the Yoast SEO Premium plugin v24.3 (Yoast SEO v27.3) - https:\/\/yoast.com\/product\/yoast-seo-premium-wordpress\/ -->\n<title>Per il tuo business scegli gas e luce uBroker offerta utenze per aziende<\/title>\n<meta name=\"description\" content=\"L&#039; Offerta Aziende di uBroker si basa su 3 elementi fondamentali: il nostro codice etico, flessibilit\u00e0, trasparenza. L&#039;energia non si pu\u00f2 cambiare, il servizio s\u00ec\" \/>\n<meta name=\"robots\" content=\"index, nofollow, max-snippet:-1, max-image-preview:large, max-video-preview:-1\" \/>\n<link rel=\"canonical\" href=\"https:\/\/ubroker.it\/planetfirst\/offerta-luce-gas-aziende-business\" \/>\n<meta property=\"og:locale\" content=\"it_IT\" \/>\n<meta property=\"og:type\" content=\"article\" \/>\n<meta property=\"og:title\" content=\"Offerta luce e gas aziende | uBroker Business\" \/>\n<meta property=\"og:description\" content=\"L&#039; Offerta Aziende di uBroker si basa su 3 elementi fondamentali: il nostro codice etico, flessibilit\u00e0, trasparenza. L&#039;energia non si pu\u00f2 cambiare, il servizio s\u00ec\" \/>\n<meta property=\"og:url\" content=\"https:\/\/ubroker.it\/planetfirst\/offerta-luce-gas-aziende-business\" \/>\n<meta property=\"og:site_name\" content=\"Planetfirst\" \/>\n<meta property=\"article:modified_time\" content=\"2026-04-03T15:42:02+00:00\" \/>\n<meta name=\"twitter:card\" content=\"summary_large_image\" \/>\n<meta name=\"twitter:label1\" content=\"Tempo di lettura stimato\" \/>\n\t<meta name=\"twitter:data1\" content=\"6 minuti\" \/>\n<script type=\"application\/ld+json\" class=\"yoast-schema-graph\">{\"@context\":\"https:\\\/\\\/schema.org\",\"@graph\":[{\"@type\":\"WebPage\",\"@id\":\"https:\\\/\\\/ubroker.it\\\/planetfirst\\\/offerta-luce-gas-aziende-business\",\"url\":\"https:\\\/\\\/ubroker.it\\\/planetfirst\\\/offerta-luce-gas-aziende-business\",\"name\":\"Per il tuo business scegli gas e luce uBroker offerta utenze per aziende\",\"isPartOf\":{\"@id\":\"https:\\\/\\\/ubroker.it\\\/planetfirst\\\/#website\"},\"datePublished\":\"2017-11-28T11:37:07+00:00\",\"dateModified\":\"2026-04-03T15:42:02+00:00\",\"description\":\"L' Offerta Aziende di uBroker si basa su 3 elementi fondamentali: il nostro codice etico, flessibilit\u00e0, trasparenza. L'energia non si pu\u00f2 cambiare, il servizio s\u00ec\",\"breadcrumb\":{\"@id\":\"https:\\\/\\\/ubroker.it\\\/planetfirst\\\/offerta-luce-gas-aziende-business#breadcrumb\"},\"inLanguage\":\"it-IT\",\"potentialAction\":[{\"@type\":\"ReadAction\",\"target\":[\"https:\\\/\\\/ubroker.it\\\/planetfirst\\\/offerta-luce-gas-aziende-business\"]}]},{\"@type\":\"BreadcrumbList\",\"@id\":\"https:\\\/\\\/ubroker.it\\\/planetfirst\\\/offerta-luce-gas-aziende-business#breadcrumb\",\"itemListElement\":[{\"@type\":\"ListItem\",\"position\":1,\"name\":\"Home\",\"item\":\"https:\\\/\\\/ubroker.it\\\/planetfirst\"},{\"@type\":\"ListItem\",\"position\":2,\"name\":\"Offerta luce e gas aziende | uBroker Business\"}]},{\"@type\":\"WebSite\",\"@id\":\"https:\\\/\\\/ubroker.it\\\/planetfirst\\\/#website\",\"url\":\"https:\\\/\\\/ubroker.it\\\/planetfirst\\\/\",\"name\":\"Planetfirst\",\"description\":\"ESG environmental social governance\",\"potentialAction\":[{\"@type\":\"SearchAction\",\"target\":{\"@type\":\"EntryPoint\",\"urlTemplate\":\"https:\\\/\\\/ubroker.it\\\/planetfirst\\\/?s={search_term_string}\"},\"query-input\":{\"@type\":\"PropertyValueSpecification\",\"valueRequired\":true,\"valueName\":\"search_term_string\"}}],\"inLanguage\":\"it-IT\"}]}<\/script>\n<!-- \/ Yoast SEO Premium plugin. -->","yoast_head_json":{"title":"Per il tuo business scegli gas e luce uBroker offerta utenze per aziende","description":"L' Offerta Aziende di uBroker si basa su 3 elementi fondamentali: il nostro codice etico, flessibilit\u00e0, trasparenza. L'energia non si pu\u00f2 cambiare, il servizio s\u00ec","robots":{"index":"index","follow":"nofollow","max-snippet":"max-snippet:-1","max-image-preview":"max-image-preview:large","max-video-preview":"max-video-preview:-1"},"canonical":"https:\/\/ubroker.it\/planetfirst\/offerta-luce-gas-aziende-business","og_locale":"it_IT","og_type":"article","og_title":"Offerta luce e gas aziende | uBroker Business","og_description":"L' Offerta Aziende di uBroker si basa su 3 elementi fondamentali: il nostro codice etico, flessibilit\u00e0, trasparenza. L'energia non si pu\u00f2 cambiare, il servizio s\u00ec","og_url":"https:\/\/ubroker.it\/planetfirst\/offerta-luce-gas-aziende-business","og_site_name":"Planetfirst","article_modified_time":"2026-04-03T15:42:02+00:00","twitter_card":"summary_large_image","twitter_misc":{"Tempo di lettura stimato":"6 minuti"},"schema":{"@context":"https:\/\/schema.org","@graph":[{"@type":"WebPage","@id":"https:\/\/ubroker.it\/planetfirst\/offerta-luce-gas-aziende-business","url":"https:\/\/ubroker.it\/planetfirst\/offerta-luce-gas-aziende-business","name":"Per il tuo business scegli gas e luce uBroker offerta utenze per aziende","isPartOf":{"@id":"https:\/\/ubroker.it\/planetfirst\/#website"},"datePublished":"2017-11-28T11:37:07+00:00","dateModified":"2026-04-03T15:42:02+00:00","description":"L' Offerta Aziende di uBroker si basa su 3 elementi fondamentali: il nostro codice etico, flessibilit\u00e0, trasparenza. L'energia non si pu\u00f2 cambiare, il servizio s\u00ec","breadcrumb":{"@id":"https:\/\/ubroker.it\/planetfirst\/offerta-luce-gas-aziende-business#breadcrumb"},"inLanguage":"it-IT","potentialAction":[{"@type":"ReadAction","target":["https:\/\/ubroker.it\/planetfirst\/offerta-luce-gas-aziende-business"]}]},{"@type":"BreadcrumbList","@id":"https:\/\/ubroker.it\/planetfirst\/offerta-luce-gas-aziende-business#breadcrumb","itemListElement":[{"@type":"ListItem","position":1,"name":"Home","item":"https:\/\/ubroker.it\/planetfirst"},{"@type":"ListItem","position":2,"name":"Offerta luce e gas aziende | uBroker Business"}]},{"@type":"WebSite","@id":"https:\/\/ubroker.it\/planetfirst\/#website","url":"https:\/\/ubroker.it\/planetfirst\/","name":"Planetfirst","description":"ESG environmental social governance","potentialAction":[{"@type":"SearchAction","target":{"@type":"EntryPoint","urlTemplate":"https:\/\/ubroker.it\/planetfirst\/?s={search_term_string}"},"query-input":{"@type":"PropertyValueSpecification","valueRequired":true,"valueName":"search_term_string"}}],"inLanguage":"it-IT"}]}},"_links":{"self":[{"href":"https:\/\/ubroker.it\/planetfirst\/wp-json\/wp\/v2\/pages\/1676","targetHints":{"allow":["GET"]}}],"collection":[{"href":"https:\/\/ubroker.it\/planetfirst\/wp-json\/wp\/v2\/pages"}],"about":[{"href":"https:\/\/ubroker.it\/planetfirst\/wp-json\/wp\/v2\/types\/page"}],"author":[{"embeddable":true,"href":"https:\/\/ubroker.it\/planetfirst\/wp-json\/wp\/v2\/users\/12"}],"replies":[{"embeddable":true,"href":"https:\/\/ubroker.it\/planetfirst\/wp-json\/wp\/v2\/comments?post=1676"}],"version-history":[{"count":2,"href":"https:\/\/ubroker.it\/planetfirst\/wp-json\/wp\/v2\/pages\/1676\/revisions"}],"predecessor-version":[{"id":1687,"href":"https:\/\/ubroker.it\/planetfirst\/wp-json\/wp\/v2\/pages\/1676\/revisions\/1687"}],"up":[{"embeddable":true,"href":"https:\/\/ubroker.it\/planetfirst\/wp-json\/wp\/v2\/pages\/1677"}],"wp:attachment":[{"href":"https:\/\/ubroker.it\/planetfirst\/wp-json\/wp\/v2\/media?parent=1676"}],"wp:term":[{"taxonomy":"category","embeddable":true,"href":"https:\/\/ubroker.it\/planetfirst\/wp-json\/wp\/v2\/categories?post=1676"},{"taxonomy":"post_tag","embeddable":true,"href":"https:\/\/ubroker.it\/planetfirst\/wp-json\/wp\/v2\/tags?post=1676"}],"curies":[{"name":"wp","href":"https:\/\/api.w.org\/{rel}","templated":true}]}}